{"id":223,"date":"2021-10-12T14:12:48","date_gmt":"2021-10-12T12:12:48","guid":{"rendered":"http:\/\/verdi-bundesarchiv.de\/?page_id=223"},"modified":"2025-10-12T17:45:20","modified_gmt":"2025-10-12T15:45:20","slug":"aussenstellen","status":"publish","type":"page","link":"https:\/\/verdi-bundesarchiv.de\/index.php\/aussenstellen\/","title":{"rendered":"ver.di in den Dienststellen"},"content":{"rendered":"\n<p><strong>Neues aus Lichterfelde<\/strong><\/p>\n\n\n\n<p><strong>Neues aus Tegel<\/strong> (ehemals WASt)<\/p>\n\n\n\n<p>Seit dem 1. Januar 2019 geh\u00f6ren die Mitarbeitenden der Deutschen Dienststelle f\u00fcr die Benachrichtigung der n\u00e4chsten Angeh\u00f6rigen von Gefallenen der ehemaligen deutschen Wehrmacht (WASt) zum Bundesarchiv, Standort Berlin-Tegel.<\/p>\n\n\n\n<p><\/p>\n\n\n\n<p><strong>Neues aus Lichtenberg<\/strong> (ehemals BStU)<\/p>\n\n\n\n<p>Seit dem 17. Juni 2021 geh\u00f6ren auch die Mitarbeitenden des Bundesbeauftragten f\u00fcr die Unterlagen des Staatssicherheitsdienstes der ehemaligen Deutschen Demokratischen Republik zum Bundesarchiv. Sie haben, neben den Au\u00dfenstellen, ihre Dienststellen in Berlin-Lichtenberg.<\/p>\n\n\n\n<p><\/p>\n","protected":false},"excerpt":{"rendered":"<p>Neues aus Lichterfelde Neues aus Tegel (ehemals WASt) Seit dem 1. Januar 2019 geh\u00f6ren die Mitarbeitenden der Deutschen Dienststelle f\u00fcr die Benachrichtigung der n\u00e4chsten Angeh\u00f6rigen von Gefallenen der ehemaligen deutschen&#8230;<\/p>\n","protected":false},"author":4,"featured_media":6,"parent":0,"menu_order":0,"comment_status":"closed","ping_status":"closed","template":"","meta":{"footnotes":""},"class_list":["post-223","page","type-page","status-publish","has-post-thumbnail","hentry"],"_links":{"self":[{"href":"https:\/\/verdi-bundesarchiv.de\/index.php\/wp-json\/wp\/v2\/pages\/223","targetHints":{"allow":["GET"]}}],"collection":[{"href":"https:\/\/verdi-bundesarchiv.de\/index.php\/wp-json\/wp\/v2\/pages"}],"about":[{"href":"https:\/\/verdi-bundesarchiv.de\/index.php\/wp-json\/wp\/v2\/types\/page"}],"author":[{"embeddable":true,"href":"https:\/\/verdi-bundesarchiv.de\/index.php\/wp-json\/wp\/v2\/users\/4"}],"replies":[{"embeddable":true,"href":"https:\/\/verdi-bundesarchiv.de\/index.php\/wp-json\/wp\/v2\/comments?post=223"}],"version-history":[{"count":15,"href":"https:\/\/verdi-bundesarchiv.de\/index.php\/wp-json\/wp\/v2\/pages\/223\/revisions"}],"predecessor-version":[{"id":730,"href":"https:\/\/verdi-bundesarchiv.de\/index.php\/wp-json\/wp\/v2\/pages\/223\/revisions\/730"}],"wp:featuredmedia":[{"embeddable":true,"href":"https:\/\/verdi-bundesarchiv.de\/index.php\/wp-json\/wp\/v2\/media\/6"}],"wp:attachment":[{"href":"https:\/\/verdi-bundesarchiv.de\/index.php\/wp-json\/wp\/v2\/media?parent=223"}],"curies":[{"name":"wp","href":"https:\/\/api.w.org\/{rel}","templated":true}]}}

<p><strong>Neues aus Lichterfelde</strong></p>



<p><strong>Neues aus Tegel</strong> (ehemals WASt)</p>



<p>Seit dem 1. Januar 2019 gehören die Mitarbeitenden der Deutschen Dienststelle für die Benachrichtigung der nächsten Angehörigen von Gefallenen der ehemaligen deutschen Wehrmacht (WASt) zum Bundesarchiv, Standort Berlin-Tegel.</p>



<p></p>



<p><strong>Neues aus Lichtenberg</strong> (ehemals BStU)</p>



<p>Seit dem 17. Juni 2021 gehören auch die Mitarbeitenden des Bundesbeauftragten für die Unterlagen des Staatssicherheitsdienstes der ehemaligen Deutschen Demokratischen Republik zum Bundesarchiv. Sie haben, neben den Außenstellen, ihre Dienststellen in Berlin-Lichtenberg.</p>



<p></p>

<p>Neues aus Lichterfelde Neues aus Tegel (ehemals WASt) Seit dem 1. Januar 2019 gehören die Mitarbeitenden der Deutschen Dienststelle für die Benachrichtigung der nächsten Angehörigen von Gefallenen der ehemaligen deutschen&#8230;</p>
